{"id":3,"date":"2018-12-03T15:25:29","date_gmt":"2018-12-03T17:25:29","guid":{"rendered":"https:\/\/coxautomotive.com.br\/?page_id=3"},"modified":"2022-02-03T02:43:30","modified_gmt":"2022-02-03T05:43:30","slug":"politica-de-privacidade","status":"publish","type":"page","link":"https:\/\/www.coxautomotive.com.br\/?page_id=3","title":{"rendered":"Pol\u00edtica de privacidade"},"content":{"rendered":"<section>\n<p><strong>Introdu\u00e7\u00e3o<\/strong><\/p>\n<p>Agradecemos o seu interesse no site COX AUTOMOTIVE, administrado pela KBB MOLICAR AUTOMOTIVE S\/A, com escrit\u00f3rio na Avenida Dr. Cardoso de Melo, n\u00ba1.450, 3\u00ba andar, cj. 302, Vila Ol\u00edmpia, no Munic\u00edpio de S\u00e3o Paulo, SP, CEP 04548-005, cadastrada no CNPJ\/MF sob o n\u00famero 68.153.238\/0001-90, (&#8220;Cox&#8221;). Respeitamos a privacidade dos nossos usu\u00e1rios quando acessam os nossos sites, aplica\u00e7\u00f5es m\u00f3veis e outras aplica\u00e7\u00f5es online, produtos ou servi\u00e7os (coletivamente, os &#8220;Sites Cox&#8221;). Ao utilizar os Sites Cox, voc\u00ea consente com a utiliza\u00e7\u00e3o da sua informa\u00e7\u00e3o e de informa\u00e7\u00e3o sobre voc\u00ea de acordo com esta Declara\u00e7\u00e3o de Privacidade.<\/p>\n<p>Esta Declara\u00e7\u00e3o de Privacidade aplica-se a informa\u00e7\u00f5es recolhidas atrav\u00e9s dos Sites Cox e n\u00e3o se refere \u00e0s pr\u00e1ticas de coleta, uso ou divulga\u00e7\u00e3o de quaisquer das nossas afiliadas corporativas ou de terceiros. Para obter informa\u00e7\u00f5es sobre a coleta, uso e pr\u00e1ticas de divulga\u00e7\u00e3o de qualquer empresa com quem voc\u00ea est\u00e1 se relacionando, que seja afiliado ou n\u00e3o \u00e0 COX AUTOMOTIVE, consulte as suas respectivas pol\u00edticas de privacidade.<\/p>\n<p>Os servi\u00e7os oferecidos pela COX AUTOMOTIVE n\u00e3o s\u00e3o direcionados a menores de 18 (dezoito) anos. Se voc\u00ea \u00e9 menor de 18 (dezoito) anos, n\u00e3o deve nos fornecer qualquer informa\u00e7\u00e3o pessoal.<\/p>\n<p><strong>Informa\u00e7\u00e3o que coletamos<\/strong><br \/>\nAs informa\u00e7\u00f5es s\u00e3o coletadas a partir dos Sites Cox por n\u00f3s, pelos nossos provedores de servi\u00e7os, anunciantes, patrocinadores e parceiros.<\/p>\n<p><strong>Informa\u00e7\u00f5es Fornecidas por Voc\u00ea<\/strong><br \/>\nPodemos coletar as informa\u00e7\u00f5es que voc\u00ea optar por fornecer nos Sites Cox de v\u00e1rias maneiras:<\/p>\n<p>ao se registar em um dos nossos produtos ou servi\u00e7os. Essas informa\u00e7\u00f5es podem incluir o seu nome, endere\u00e7o, n\u00famero de telefone, endere\u00e7o de e-mail, n\u00famero de identidade e informa\u00e7\u00f5es de cr\u00e9dito;<br \/>\nao disponibilizar a informa\u00e7\u00e3o atrav\u00e9s de logins de redes sociais, como o Facebook ou Twitter;<br \/>\nao manifestar interesse em comprar, vender ou comercializar um ve\u00edculo (ao enviar um e-mail a um vendedor, por exemplo);<br \/>\nao participar em chats, f\u00f3runs online ou outras sess\u00f5es interativas;<br \/>\nao fornecer dados de pagamento com cart\u00e3o de cr\u00e9dito para um dos nossos produtos ou servi\u00e7os;<br \/>\nao se inscrever para receber newsletters ou ao fornecer feedback; e<br \/>\nao participar em f\u00f3runs, sorteios ou outras promo\u00e7\u00f5es.<\/p>\n<p><strong>Informa\u00e7\u00f5es Automatizadas<\/strong><br \/>\nInforma\u00e7\u00f5es sobre o uso dos Sites Cox podem ser coletadas e\/ou reunidas atrav\u00e9s de meios automatizados. Esta informa\u00e7\u00e3o coletada automaticamente \u00e9 an\u00f4nima, n\u00e3o permitindo identificar voc\u00ea como uma pessoa f\u00edsica, e pode incluir informa\u00e7\u00f5es como:<\/p>\n<p>O endere\u00e7o de IP, o tipo de browser e o sistema operacional utilizado;<br \/>\nA data e hora de acesso ao Site COX AUTOMOTIVE e \u00e0s p\u00e1ginas visitadas e, se tiver chegado ou partido de ou para outro website, o endere\u00e7o do site em quest\u00e3o;<br \/>\nOs e-mails que voc\u00ea abrir e os links em que clicar dentro desses e-mails;<br \/>\nO seu provedor de internet ou operadora m\u00f3vel e o tipo de dispositivo port\u00e1til ou m\u00f3vel que usou.<\/p>\n<p><strong>Tecnologia de Dados<\/strong><br \/>\nV\u00e1rias tecnologias s\u00e3o usadas para coletar informa\u00e7\u00f5es automaticamente, como cookies, objetos partilhados localmente e web beacons (geralmente conhecidos como \u201cTecnologias de Dados&#8221;). &#8220;Cookies&#8221; s\u00e3o pequenos identificadores enviados a partir de um servidor na web e que s\u00e3o armazenados no seu dispositivo, de forma a identificar o seu browser ou a armazenar informa\u00e7\u00f5es ou configura\u00e7\u00f5es no mesmo. &#8220;Objetos partilhados localmente&#8221;, tamb\u00e9m conhecidos como Cookies Flash, podem ser utilizados para armazenar as suas prefer\u00eancias ou exibir conte\u00fado com base no que visualizou em v\u00e1rios sites, de forma a personalizar a sua visita. Um &#8220;web beacon&#8221;, tamb\u00e9m conhecido como uma \u201cetiqueta online\u201d, um pixel ou um GIF invis\u00edvel, liga p\u00e1ginas da web a servidores da web e aos seus cookies. Identificadores an\u00f4nimos de publicidade s\u00e3o cada vez mais utilizados em dispositivos m\u00f3veis, de uma forma semelhante aos cookies. Quando nos referimos a Tecnologias de Dados, estamos nos referindo a todas as tecnologias atuais e tecnologias semelhantes que venham a ser inventadas no futuro.<\/p>\n<p>Uma ou mais Tecnologias de Dados podem ser usadas por n\u00f3s nos Sites Cox e em outros sites e aplica\u00e7\u00f5es m\u00f3veis (que podem n\u00e3o ser os Sites Cox), por outra entidade em nosso nome ou por terceiros, de acordo com as suas pol\u00edticas de privacidade. As Tecnologias de Dados podem ser utilizadas por n\u00f3s e por terceiros em nosso nome, e em seu pr\u00f3prio nome, para transmitir informa\u00e7\u00f5es para e\/ou sobre voc\u00ea, e reunir informa\u00e7\u00f5es sobre voc\u00ea provenientes de diferentes fontes, sites, dispositivos e aplica\u00e7\u00f5es m\u00f3veis.<\/p>\n<p>Se voc\u00ea n\u00e3o quiser aceitar cookies, voc\u00ea dever\u00e1 alterar suas prefer\u00eancias de browser de forma a recus\u00e1-los, conforme abaixo:<\/p>\n<p>Internet Explorer: \u201cFerramentas\u201d &gt; \u201cOp\u00e7\u00f5es de Internet\u201d &gt; \u201cConfidencialidade\u201d;<br \/>\nChrome: \u201cConfigura\u00e7\u00f5es\u201d &gt; \u201cConfigura\u00e7\u00f5es Avan\u00e7adas\u201d &gt; \u201cConfidencialidade\u201d &gt; \u201cConfigura\u00e7\u00f5es de Conte\u00fado\u201d &gt; \u201cCookies\u201d;<br \/>\nMozilla Firefox: \u201cFerramentas\u201d &gt; \u201cOp\u00e7\u00f5es\u201d &gt; \u201cConfidencialidade\u201d;<br \/>\nSafari: \u201cSafari\u201d &gt; \u201cPrefer\u00eancias\u201d &gt; \u201cConfidencialidade\u201d.<br \/>\nIsto n\u00e3o impedir\u00e1 sua conex\u00e3o \u00e0 COX AUTOMOTIVE, mas poder\u00e1 dificultar ou restringir algumas de suas fun\u00e7\u00f5es.<\/p>\n<p>Poderemos utilizar um n\u00famero de telefone gratuito, com rastreamento exclusivo, em sites de concession\u00e1rios ou an\u00fancios. Se voc\u00ea ligar para um destes n\u00fameros gratuitos, n\u00f3s (ou um provedor de servi\u00e7os a agir em nosso nome) podemos coletar informa\u00e7\u00f5es n\u00e3o pessoais sobre a chamada (por exemplo, data, hora e dura\u00e7\u00e3o), bem como informa\u00e7\u00f5es de identifica\u00e7\u00e3o pessoal (como o nome e o n\u00famero do qual a sua chamada foi feita).<\/p>\n<p><strong>V\u00eddeos<\/strong><br \/>\nPoderemos identificar e rastrear os v\u00eddeos visualizados por voc\u00ea no Site. Voc\u00ea concorda com o nosso rastreamento na sua visualiza\u00e7\u00e3o de v\u00eddeo, atrav\u00e9s do Site ou de redes sociais de terceiros<\/p>\n<p><strong>Informa\u00e7\u00f5es Compartilhadas Publicamente<\/strong><br \/>\nVoc\u00ea concorda que as informa\u00e7\u00f5es que voc\u00ea disponibiliza para n\u00f3s, e outras pessoas, atrav\u00e9s de redes sociais, f\u00f3runs, blogs, listas de servidores, chats ou funcionalidades semelhantes, s\u00e3o informa\u00e7\u00f5es p\u00fablicas que n\u00f3s ou outras pessoas podemos compartilhar ou usar de acordo com a lei.<\/p>\n<p><strong>Como podemos usar as informa\u00e7\u00f5es que coletamos<\/strong><br \/>\nPodemos usar as informa\u00e7\u00f5es que coletamos com os seguintes objetivos:<\/p>\n<p>para fins comerciais di\u00e1rios, como estabelecer e gerir a sua conta de usu\u00e1rio, fornecer produtos e servi\u00e7os que voc\u00ea solicita, processar e cobrar pagamentos e fornecer suporte ao cliente;<br \/>\ncriar listagens e an\u00fancios para qualquer carro ou ve\u00edculos que voc\u00ea coloque \u00e0 venda. Essas listagens e an\u00fancios podem aparecer nos Sites Cox e em outros sites, aplica\u00e7\u00f5es m\u00f3veis ou servi\u00e7os de terceiros;<br \/>\nfornecer valores e\/ou ofertas para autom\u00f3veis que voc\u00ea quer vender ou negociar;<br \/>\noferecer os nossos outros produtos ou servi\u00e7os e\/ou os produtos ou servi\u00e7os de terceiros a voc\u00ea;<br \/>\ncomunicar e gerir a sua participa\u00e7\u00e3o em eventos especiais, programas, pesquisas, concursos, sorteios e outras ofertas ou promo\u00e7\u00f5es;<br \/>\npermitir que voc\u00ea possa interagir com a COX AUTOMOTIVE e com os nossos usu\u00e1rios, concession\u00e1rios, fabricantes e outros, atrav\u00e9s de v\u00e1rios meios, como os nossos f\u00f3runs, blogs e redes sociais;<br \/>\navaliar e melhorar os nossos neg\u00f3cios, incluindo o desenvolvimento de novos produtos e servi\u00e7os e analisar a efic\u00e1cia de produtos, servi\u00e7os, aplica\u00e7\u00f5es e websites;<br \/>\ndiagnosticar e resolver problemas t\u00e9cnicos e de servi\u00e7os;<br \/>\nrealizar an\u00e1lises de dados, incluindo pesquisa de mercado e de consumo, an\u00e1lise de tend\u00eancias, an\u00e1lise demogr\u00e1fica e an\u00e1lise financeira;<br \/>\nfornecer conte\u00fado (incluindo publicidade) relacionado com os seus interesses, hist\u00f3rico de navega\u00e7\u00e3o e utiliza\u00e7\u00e3o, tanto nos Sites Cox como em outros sites e aplica\u00e7\u00f5es;<br \/>\ncumprir os requisitos legais aplic\u00e1veis e as nossas pol\u00edticas;<br \/>\ncontatar voc\u00ea por telefone, texto ou chat. O consentimento para entrar em contato com voc\u00ea ser\u00e1 obtido quando e de acordo com a forma exigida por lei.<\/p>\n<p><strong>Aplica\u00e7\u00f5es, Widgets e Redes Sociais<\/strong><br \/>\nPoderemos incluir aplica\u00e7\u00f5es ou widgets de redes sociais que permitem intera\u00e7\u00e3o ou compartilhamento por seus usu\u00e1rios. Esses widgets, como as fun\u00e7\u00f5es \u201ccompartilhar\u201d ou o \u201ccurtir\u201d do Facebook, s\u00e3o vis\u00edveis a voc\u00ea na p\u00e1gina que visita. A integra\u00e7\u00e3o entre os Sites Cox e as redes sociais como o Facebook, Twitter e outros, podem permitir redes sociais das quais voc\u00ea participa a coletar informa\u00e7\u00f5es sobre voc\u00ea, mesmo quando voc\u00ea n\u00e3o ativa de forma expl\u00edcita a aplica\u00e7\u00e3o ou o widget da rede. Por favor, visite a respectiva pol\u00edtica de privacidade da rede social para entender melhor as pr\u00e1ticas e op\u00e7\u00f5es acerca a coleta de dados que ela disponibiliza a voc\u00ea. A pol\u00edtica de privacidade da respectiva rede social controla a coleta, uso e disponibiliza\u00e7\u00e3o de toda informa\u00e7\u00e3o pessoal transmitida \u00e0quela rede social.<\/p>\n<p><strong>Redes de Publicidade<\/strong><br \/>\nA publicidade personalizada com base em previs\u00f5es geradas ao longo das suas visitas a diferentes sites, dispositivos e aplica\u00e7\u00f5es m\u00f3veis, pode ser chamada de \u201cpublicidade comportamental&#8221; ou &#8220;publicidade baseada em interesses&#8221;. Poderemos estabelecer parcerias com redes de publicidade, que s\u00e3o empresas que oferecem an\u00fancios direcionados aos consumidores e que geram estat\u00edsticas e m\u00e9tricas relacionadas com a divulga\u00e7\u00e3o de an\u00fancios baseados em interesses. Estas empresas podem utilizar informa\u00e7\u00f5es coletadas por meio de diversas Tecnologias de Dados para fornecer personaliza\u00e7\u00e3o, auditoria, pesquisa e relat\u00f3rios para n\u00f3s, para os nossos afiliados e para outros anunciantes. Essa coleta de dados ocorre tanto nos Sites Cox como em sites de terceiros e aplica\u00e7\u00f5es m\u00f3veis. Esse processo permite que a COX AUTOMOTIVE e terceiros divulguem an\u00fancios direcionados, melhorem os programas de marketing e ajudem a monitorizar a efic\u00e1cia dessas medidas. As nossas redes de publicidade podem tamb\u00e9m usar essas informa\u00e7\u00f5es para determinar ou prever as caracter\u00edsticas e prefer\u00eancias dos seus respectivos p\u00fablicos-alvo de publicidade, medindo a efic\u00e1cia da sua publicidade de acordo com as suas pol\u00edticas de privacidade.<\/p>\n<p>N\u00e3o fornecemos informa\u00e7\u00f5es diretamente associadas a uma pessoa espec\u00edfica (como nome e endere\u00e7o) a uma rede de publicidade quando voc\u00ea interage ou visualiza um an\u00fancio personalizado. No entanto, se voc\u00ea visualizar ou interagir com um an\u00fancio, voc\u00ea deve estar ciente que o anunciante pode partir do princ\u00edpio que voc\u00ea est\u00e1 interessado no an\u00fancio, recolhendo os seus dados pessoais de acordo com as suas pr\u00f3prias pol\u00edticas de privacidade, que cada usu\u00e1rio deve visitar e consultar.<\/p>\n<p>Algumas empresas anunciam quando est\u00e3o utilizando programas de publicidade comportamental nos Sites Cox para exibir an\u00fancios de terceiros ou coletar informa\u00e7\u00f5es sobre as suas visitas, com os mesmos objetivos, oferecendo-lhe a possibilidade de optar por n\u00e3o permitir o uso desse tipo de informa\u00e7\u00f5es. Voc\u00ea poder\u00e1 encontrar um \u00edcone dentro ou em volta de an\u00fancios de terceiros nos Sites Cox que usam programas de publicidade baseados em interesses, e em p\u00e1ginas onde os dados s\u00e3o coletados e usados para publicidade online baseada em interesses. Ao clicar nesse \u00edcone voc\u00ea encontrar\u00e1 informa\u00e7\u00f5es adicionais sobre as empresas e pr\u00e1ticas de dados utilizadas para entregar o an\u00fancio. Voc\u00ea pode optar por n\u00e3o receber publicidade segmentada da parte de v\u00e1rias empresas, visitando www.aboutads.info\/choices, www.networkadvertising.org\/managing\/opt_out.asp ou www.ghosteryenterprise.com. Atente-se que, mesmo optando por n\u00e3o receber publicidade segmentada, voc\u00ea vai continuar a receber an\u00fancios, que n\u00e3o ser\u00e3o adaptados aos seus interesses espec\u00edficos.<\/p>\n<p><strong>Informa\u00e7\u00f5es que Partilhamos<\/strong><br \/>\nN\u00e3o vendemos nem partilhamos informa\u00e7\u00f5es que coletamos ou recebemos sobre voc\u00ea, exceto conforme descrito abaixo:<\/p>\n<p><strong>1. Afiliados<\/strong><br \/>\nPodemos compartilhar informa\u00e7\u00f5es sobre voc\u00ea, incluindo informa\u00e7\u00f5es pessoais, com as nossas afiliadas corporativas, que usar\u00e3o tais informa\u00e7\u00f5es de acordo com as suas respectivas pol\u00edticas de privacidade e que podem estar localizadas em qualquer lugar do mundo para onde os seus dados pessoais podem ser comunicados, de acordo com as leis aplic\u00e1veis e regulamentos. As pol\u00edticas de privacidade das nossas afiliadas espelham os direitos dessa Declara\u00e7\u00e3o de Privacidade. Visite www.coxautoinc.com\/ para obter mais informa\u00e7\u00f5es sobre as nossas afiliadas.<\/p>\n<p><strong>2. Os Nossos Fornecedores de Servi\u00e7os<\/strong><br \/>\nPodemos contratar terceiros para fornecer os servi\u00e7os atrav\u00e9s ou em conex\u00e3o com os Sites Cox em nosso nome. Exigimos que tais fornecedores mantenham confidenciais as informa\u00e7\u00f5es sobre voc\u00ea, usando-as apenas para executar os servi\u00e7os especificados por n\u00f3s, de uma forma consistente com esta Declara\u00e7\u00e3o de Privacidade.<\/p>\n<p><strong>3. Promo\u00e7\u00f5es Co-Patrocinadas<\/strong><br \/>\nNo caso de querer participar de uma pesquisa, sorteio, concurso ou outra promo\u00e7\u00e3o co-patrocinada pela COX AUTOMOTIVE e por terceiros, poderemos compartilhar com esse terceiro as informa\u00e7\u00f5es obtidas em conjunto com a pesquisa, sorteio, concurso ou promo\u00e7\u00e3o, incluindo informa\u00e7\u00f5es pessoais. Depois de as informa\u00e7\u00f5es serem fornecidas a esses terceiros, a utiliza\u00e7\u00e3o ou divulga\u00e7\u00e3o futura dessas informa\u00e7\u00f5es est\u00e1 sujeita \u00e0s suas pol\u00edticas e pr\u00e1ticas de privacidade. Pesquisas, sorteios e outras promo\u00e7\u00f5es realizadas em nome da COX AUTOMOTIVE e de terceiros incluir\u00e3o as marcas da COX AUTOMOTIVE e desse terceiro e cumprir\u00e3o com os termos desta Declara\u00e7\u00e3o de Privacidade.<\/p>\n<p><strong>4. Promo\u00e7\u00f5es em Nome de Terceiros<\/strong><br \/>\nPeriodicamente, terceiros poder\u00e3o realizar pesquisas, concursos, sorteios e outras promo\u00e7\u00f5es para o seu pr\u00f3prio prop\u00f3sito nos Sites Cox. As informa\u00e7\u00f5es que voc\u00ea fornecer em resposta a essas atividades s\u00e3o regidas pelas respectivas pol\u00edticas de privacidade. Pesquisas, sorteios e outras promo\u00e7\u00f5es realizadas exclusivamente para um terceiro ir\u00e3o incluir apenas a marca desse terceiro.<\/p>\n<p><strong>5. Vendedores, Distribuidores e Fabricantes<\/strong><br \/>\nAo aceitar esta Declara\u00e7\u00e3o de Privacidade, voc\u00ea aceita que informa\u00e7\u00f5es sobre voc\u00ea, incluindo informa\u00e7\u00f5es pessoais e Tecnologias de Dados, podem ser partilhadas com vendedores, concession\u00e1rios e fabricantes, e os seus agentes e terceiros fornecedores de servi\u00e7os, que poder\u00e3o usar essas informa\u00e7\u00f5es de acordo com suas pr\u00f3prias pol\u00edticas de privacidade. Por exemplo:<\/p>\n<p>se estiver interessado numa listagem espec\u00edfica de um carro para venda, a sua informa\u00e7\u00e3o pode ser compartilhada com o vendedor desse carro espec\u00edfico, ou carros semelhantes ou vendedores na sua regi\u00e3o;<br \/>\nse estiver considerando negociar um carro, podemos fornecer informa\u00e7\u00f5es sobre voc\u00ea aos vendedores que participam do nosso programa de trade-in e outros negociantes na sua regi\u00e3o;<br \/>\npodemos fornecer aos fabricantes, aos seus agentes ou a terceiros prestadores de servi\u00e7os, as mesmas informa\u00e7\u00f5es sobre voc\u00ea que fornecemos aos seus concession\u00e1rios franqueados;<br \/>\npodemos fornecer aos fabricantes, aos seus agentes ou aos terceiros prestadores de servi\u00e7os informa\u00e7\u00f5es sobre voc\u00ea, se voc\u00ea estiver interessado em ve\u00edculos usados certificados; ou<br \/>\npodemos fornecer aos fabricantes, aos seus agentes ou a terceiros prestadores de servi\u00e7os e aos concession\u00e1rios, informa\u00e7\u00f5es sobre voc\u00ea, quando acessar os Sites Cox atrav\u00e9s de publicidade e\/ou funcionalidades da marca COX AUTOMOTIVE encontradas nos websites deles ou outros websites de terceiros.<\/p>\n<p><strong>6. Transa\u00e7\u00f5es Societ\u00e1rias e de Ativos<\/strong><br \/>\nSe vendermos a totalidade, ou uma parte consider\u00e1vel dos nossos neg\u00f3cios, ou vendermos ou transferiremos a totalidade ou uma parte significativa dos nossos ativos, ou se estivermos envolvidos numa fus\u00e3o ou transfer\u00eancia de toda ou parte substancial do nosso neg\u00f3cio, voc\u00ea concorda que poderemos transferir toda a informa\u00e7\u00e3o que coletamos e armazenamos, incluindo informa\u00e7\u00f5es pessoais, para a parte ou as partes envolvidas na transa\u00e7\u00e3o como parte dessa transa\u00e7\u00e3o.<\/p>\n<p><strong>7. Outros<\/strong><br \/>\nVoc\u00ea concorda que poderemos acessar e\/ou divulgar informa\u00e7\u00f5es, incluindo informa\u00e7\u00f5es pessoais, para:<\/p>\n<p>proteger ou defender os nossos interesses e os direitos legais ou de propriedade da COX AUTOMOTIVE e das nossas afiliadas; proteger os direitos, interesses e seguran\u00e7a dos usu\u00e1rios dos Sites Cox ou membros do p\u00fablico em geral;<br \/>\nproteger a COX AUTOMOTIVE contra fraude ou para fins de gest\u00e3o de risco; ou cumprir com pr\u00e1ticas jur\u00eddicas que entendemos serem prudentes e de acordo com a lei aplic\u00e1vel ou processo legal.<\/p>\n<p><strong>As suas Escolhas<\/strong><br \/>\nVoc\u00ea tem o direito de fazer certas escolhas sobre a forma como nos comunicamos com voc\u00ea. Voc\u00ea:<\/p>\n<p>Pode optar por n\u00e3o fornecer informa\u00e7\u00f5es pessoais, mesmo que isso possa afetar a sua capacidade de se registar ou de receber um determinado produto ou servi\u00e7o.<br \/>\nSe n\u00e3o quiser receber de n\u00f3s e-mails de marketing, pode acessar o link \u201cunsubscribe\u201d fornecido nesses e-mails.<br \/>\nSe n\u00e3o quiser receber an\u00fancios com base em seus interesses, pode desativar esta op\u00e7\u00e3o, como mencionado anteriormente na se\u00e7\u00e3o &#8220;Redes de Publicidade\u201d.<br \/>\nVoc\u00ea pode fazer algumas escolhas em rela\u00e7\u00e3o a determinadas Tecnologias de Dados. A maioria dos browsers aceita cookies automaticamente, mas, normalmente, voc\u00ea pode modificar a configura\u00e7\u00e3o do seu browser para recusar cookies, se preferir. Pode tamb\u00e9m tornar alguns web beacons inutiliz\u00e1veis, rejeitando os seus cookies associados e desativar ou excluir dados semelhantes, usados por complementos do browser, como Cookies Flash, alterando as configura\u00e7\u00f5es do add-on ou optar por se descadastrar em www.ghosteryenterprise.com ou no site do fornecedor da tecnologia. No entanto, se voc\u00ea optar por recusar cookies ou tecnologias semelhantes, deve estar ciente que determinados recursos poder\u00e3o n\u00e3o funcionar corretamente ou em sua totalidade. Pode ser poss\u00edvel ajustar o uso de identificadores de publicidade em dispositivos m\u00f3veis atrav\u00e9s das configura\u00e7\u00f5es do dispositivo. Por fim, se n\u00e3o quiser usar um n\u00famero de telefone gerado exclusivamente, voc\u00ea pode optar por n\u00e3o nos ligar.<br \/>\nSe n\u00e3o pretender que utilizemos Informa\u00e7\u00f5es de Localiza\u00e7\u00e3o, voc\u00ea pode recusar o nosso convite inicial para fornecer essas informa\u00e7\u00f5es ou optar por n\u00e3o alterar as defini\u00e7\u00f5es dos servi\u00e7os de localiza\u00e7\u00e3o no seu dispositivo m\u00f3vel. No entanto, deve estar ciente de que determinados recursos poder\u00e3o n\u00e3o funcionar corretamente ou em sua totalidade como resultado da recusa de participa\u00e7\u00e3o.<\/p>\n<p><strong>Acesso e corre\u00e7\u00e3o<\/strong><br \/>\nO acesso \u00e0s informa\u00e7\u00f5es que recolhemos e mantemos sobre voc\u00ea estar\u00e1 sempre dispon\u00edvel para voc\u00ea. Por exemplo, se voc\u00ea criou uma conta protegida por senha nos Sites Cox, voc\u00ea pode acessar essa conta para atualizar as informa\u00e7\u00f5es fornecidas anteriormente. Al\u00e9m disso, se acredita que as informa\u00e7\u00f5es que mantemos sobre voc\u00ea s\u00e3o imprecisas, sujeitas \u00e0 legisla\u00e7\u00e3o aplic\u00e1vel, voc\u00ea pode solicitar que corrijamos ou alteremos as informa\u00e7\u00f5es, entrando em contato conosco, conforme indicado na sec\u00e7\u00e3o abaixo &#8220;Como contatar-nos\u201d.<\/p>\n<p><strong>Seguran\u00e7a de dados<\/strong><br \/>\nUtilizamos medidas de seguran\u00e7a administrativas, t\u00e9cnicas, pessoais e f\u00edsicas comercialmente razo\u00e1veis, destinadas a proteger as suas informa\u00e7\u00f5es que se encontram em nossa posse, contra perda, roubo e utiliza\u00e7\u00e3o, divulga\u00e7\u00e3o ou modifica\u00e7\u00e3o n\u00e3o autorizadas. \u00c9 claro que, apesar destas medidas, n\u00e3o podemos garantir a perfeita seguran\u00e7a das redes, servidores e bancos de dados que operamos ou que s\u00e3o operados em nosso nome.<\/p>\n<p><strong>Disputas<\/strong><br \/>\nSe optar por visitar os Sites Cox, a sua visita e qualquer disputa relacionada com a privacidade, est\u00e1 sujeita a esta Declara\u00e7\u00e3o de Privacidade e ao nosso Acordo de Visitante, incluindo limita\u00e7\u00f5es de danos, resolu\u00e7\u00e3o de disputas e a aplica\u00e7\u00e3o da lei da Rep\u00fablica Federativa do Brasil.<\/p>\n<p><strong>Atualiza\u00e7\u00f5es a esta Declara\u00e7\u00e3o de Privacidade<\/strong><br \/>\nPodemos atualizar esta Declara\u00e7\u00e3o de Privacidade para fornecer esclarecimentos ou notifica\u00e7\u00f5es de mudan\u00e7as nas nossas pr\u00e1ticas. Se fizermos altera\u00e7\u00f5es, atualizaremos a data no in\u00edcio desta Declara\u00e7\u00e3o de Privacidade. Forneceremos um aviso adicional de altera\u00e7\u00f5es importantes, enviando um aviso das altera\u00e7\u00f5es 30 (trinta) dias antes de implementarmos essas altera\u00e7\u00f5es.<\/p>\n<p><strong>Como nos contatar<\/strong><br \/>\nSe tiver d\u00favidas ou coment\u00e1rios sobre esta Declara\u00e7\u00e3o de Privacidade, ou se quiser que atualizemos as informa\u00e7\u00f5es que temos sobre voc\u00ea ou as suas prefer\u00eancias, entre em contato conosco, atrav\u00e9s do e-mail <a href=\"mailto:atendimento@coxautomotive.com.br\" target=\"_blank\" rel=\"noopener\">atendimento@coxautomotive.com.br<\/a><\/p>\n<\/section>\n","protected":false},"excerpt":{"rendered":"<p>Introdu\u00e7\u00e3o Agradecemos o seu interesse no site COX AUTOMOTIVE, administrado pela KBB MOLICAR AUTOMOTIVE S\/A, com escrit\u00f3rio na Avenida Dr. Cardoso de Melo, n\u00ba1.450, 3\u00ba andar, cj. 302, Vila Ol\u00edmpia, no Munic\u00edpio de S\u00e3o Paulo, SP, CEP 04548-005, cadastrada no CNPJ\/MF sob o n\u00famero 68.153.238\/0001-90, (&#8220;Cox&#8221;). Respeitamos a privacidade dos nossos usu\u00e1rios quando acessam os [&hellip;]<\/p>\n","protected":false},"author":9,"featured_media":0,"parent":0,"menu_order":0,"comment_status":"closed","ping_status":"open","template":"","meta":{"om_disable_all_campaigns":false,"_mi_skip_tracking":false},"aioseo_notices":[],"_links":{"self":[{"href":"https:\/\/www.coxautomotive.com.br\/index.php?rest_route=\/wp\/v2\/pages\/3"}],"collection":[{"href":"https:\/\/www.coxautomotive.com.br\/index.php?rest_route=\/wp\/v2\/pages"}],"about":[{"href":"https:\/\/www.coxautomotive.com.br\/index.php?rest_route=\/wp\/v2\/types\/page"}],"author":[{"embeddable":true,"href":"https:\/\/www.coxautomotive.com.br\/index.php?rest_route=\/wp\/v2\/users\/9"}],"replies":[{"embeddable":true,"href":"https:\/\/www.coxautomotive.com.br\/index.php?rest_route=%2Fwp%2Fv2%2Fcomments&post=3"}],"version-history":[{"count":3,"href":"https:\/\/www.coxautomotive.com.br\/index.php?rest_route=\/wp\/v2\/pages\/3\/revisions"}],"predecessor-version":[{"id":601,"href":"https:\/\/www.coxautomotive.com.br\/index.php?rest_route=\/wp\/v2\/pages\/3\/revisions\/601"}],"wp:attachment":[{"href":"https:\/\/www.coxautomotive.com.br\/index.php?rest_route=%2Fwp%2Fv2%2Fmedia&parent=3"}],"curies":[{"name":"wp","href":"https:\/\/api.w.org\/{rel}","templated":true}]}}