{"id":10,"date":"2018-12-03T16:27:11","date_gmt":"2018-12-03T18:27:11","guid":{"rendered":"https:\/\/coxautomotive.com.br\/?page_id=10"},"modified":"2022-02-04T10:23:43","modified_gmt":"2022-02-04T13:23:43","slug":"marcas","status":"publish","type":"page","link":"https:\/\/www.coxautomotive.com.br\/?page_id=10","title":{"rendered":"Marcas"},"content":{"rendered":"\n\t\t<div id=\"sp-wp-tabs-wrapper_472\" class=\"sp-tab__lay-default\" data-preloader=\"1\" data-activemode=\"tabs-activator-event-hover\">\n\n\t\t\t\t<div class=\"sp-tab__preloader\">\n\t\t<div class=\"sp-tab__spinner\">\n\t\t\t<div class=\"rect1\"><\/div>\n\t\t\t<div class=\"rect2\"><\/div>\n\t\t\t<div class=\"rect3\"><\/div>\n\t\t\t<div class=\"rect4\"><\/div>\n\t\t\t<div class=\"rect5\"><\/div>\n\t\t<\/div>\n\t<\/div>\n\t\n\t\t\t<ul class=\"sp-tab__nav sp-tab__nav-tabs\" id=\"sp-tab__ul\" role=\"tablist\">\n\t\t\t\t\t\t\t\t\t\t<li class=\"sp-tab__nav-item\">\n\t\t\t\t\t\t\t<label class=\"sp-tab__nav-link sp-tab__active\" data-sptoggle=\"tab\" for=\"#tab-4721\" role=\"tab\" aria-controls=tab-4721 aria-selected=false>\n\t\t\t\t\t\t\t\t<span class=\"tab_title_area\"><H4 class=\"sp-tab__tab_title\"><img src=\"https:\/\/coxautomotive.com.br\/wp-content\/uploads\/2021\/12\/logo-kbb.png\"><\/H4><\/span>\n\t\t\t\t\t\t\t<\/label>\n\t\t\t\t\t\t<\/li>\n\t\t\t\t\t\t\t\t\t\t\t\t<li class=\"sp-tab__nav-item\">\n\t\t\t\t\t\t\t<label class=\"sp-tab__nav-link\" data-sptoggle=\"tab\" for=\"#tab-4722\" role=\"tab\" aria-controls=tab-4722 aria-selected=false>\n\t\t\t\t\t\t\t\t<span class=\"tab_title_area\"><H4 class=\"sp-tab__tab_title\"><img src=\"https:\/\/coxautomotive.com.br\/wp-content\/uploads\/2021\/12\/cpv-logo.png\"><\/H4><\/span>\n\t\t\t\t\t\t\t<\/label>\n\t\t\t\t\t\t<\/li>\n\t\t\t\t\t\t\t\t\t\t\t\t<li class=\"sp-tab__nav-item\">\n\t\t\t\t\t\t\t<label class=\"sp-tab__nav-link\" data-sptoggle=\"tab\" for=\"#tab-4723\" role=\"tab\" aria-controls=tab-4723 aria-selected=false>\n\t\t\t\t\t\t\t\t<span class=\"tab_title_area\"><H4 class=\"sp-tab__tab_title\"><img src=\"https:\/\/coxautomotive.com.br\/wp-content\/uploads\/2021\/12\/DT-logo.png\"><\/H4><\/span>\n\t\t\t\t\t\t\t<\/label>\n\t\t\t\t\t\t<\/li>\n\t\t\t\t\t\t\t\t\t<\/ul>\n\n\t\t\t<div class=\"sp-tab__tab-content\">\n\t\t\t\t\t\t\t\t<div id=\"tab-4721\" class=\"sp-tab__tab-pane sp-tab__show sp-tab__active\" role=\"tabpanel\">\n\t\t\t\t\t<div class=\"sp-tab-content\"><div id=\"collapse-5471\" class=\"sp-tab__collapse sp-tab__show\" style=\"font-family: 'Helvetica';font-size: 12px\" role=\"tabpanel\" data-parent=\"#content\" aria-labelledby=\"heading-5471\">\n<div class=\"sp-tab__card-body\">\n<div class=\"sp-tab-content\" style=\"margin-right: 80px;margin-left: 80px\">\n<p style=\"text-align: left\">A <strong>Kelley Blue Book<\/strong> (ou <strong>KBB<\/strong> para os \u00edntimos) \u00e9 a empresa de precifica\u00e7\u00e3o de ve\u00edculos mais admirada em todo o mundo. Al\u00e9m de ser a fonte de pre\u00e7o mais confi\u00e1vel em todos os pa\u00edses onde ela atua, a KBB concentra a maior base de dados transacionais de ve\u00edculos do mundo e \u00e9 propriet\u00e1ria do modelo estat\u00edstico mais preciso para o mercado automotivo.\u00a0S\u00e3o quase 100 anos de exist\u00eancia nos Estados Unidos \u2013 unindo ci\u00eancia, banco de dados, experi\u00eancia e tecnologia para produzir o pre\u00e7o certo para cada ve\u00edculo e para cada tipo de transa\u00e7\u00e3o, em suas mais variadas combina\u00e7\u00f5es.<\/p>\n<p style=\"text-align: left\">A KBB foi oficialmente aberta ao mercado brasileiro no fim do ano de 2019, mas a coleta de dados e de experi\u00eancia no Pa\u00eds come\u00e7ou 3 anos antes. O time de cientistas de dados da KBB costuma explicar que precificar ve\u00edculos n\u00e3o \u00e9 uma atividade simples ou trivial, e a exatid\u00e3o do pre\u00e7o da Kelley Blue Book \u00e9 calculada com base em modelos estat\u00edsticos e matem\u00e1ticos testados, desafiados e ajustados diariamente por muitos e muitos anos.<\/p>\n<p style=\"text-align: left\">A Kelley Blue Book \u00e9 um site para uso gratuito por todos os consumidores brasileiros, cumprindo seu objetivo de descomplicar as negocia\u00e7\u00f5es e n\u00e3o abrir espa\u00e7o para d\u00favidas ou atritos na hora de comprar ou vender ve\u00edculos. N<\/p>\n<p style=\"text-align: left\"><strong>Na KBB Brasil, todos os usu\u00e1rios do site t\u00eam acesso ao pre\u00e7o certo do ve\u00edculo e para os diversos tipos de transa\u00e7\u00f5es:<\/strong><\/p>\n<p style=\"text-align: left\">&#8211; De lojista para consumidor;<br \/>\n&#8211; De consumidor para lojista;<br \/>\n&#8211; De consumidor para consumidor;<br \/>\n&#8211; Para anunciar em classificados;<br \/>\n&#8211; De ve\u00edculos 0km;<br \/>\n&#8211; De ve\u00edculos 0km somando a documenta\u00e7\u00e3o.<\/p>\n<p style=\"text-align: left\"><strong>Para incrementar a precis\u00e3o da KBB Brasil, o usu\u00e1rio ainda pode enriquecer a sua consulta com:<\/strong><br \/>\n\u2013 Cor interior do ve\u00edculo;<br \/>\n\u2013 Cor exterior do ve\u00edculo;<br \/>\n\u2013 Quilometragem rodada;<br \/>\n\u2013 Condi\u00e7\u00e3o do carro;<br \/>\n\u2013 Regi\u00e3o onde circula;<br \/>\n\u2013 Pacotes adicionais;<br \/>\n\u2013 Blindagem etc.<\/p>\n<p style=\"text-align: left\"><strong>Quanto + precisa for a sua busca + exato \u00e9 o nosso pre\u00e7o!<\/strong><\/p>\n<p style=\"text-align: left\"><strong>Conhe\u00e7a a KBB <a href=\"https:\/\/www.kbb.com.br\/\" rel=\"noopener\">www.kbb.com.br<\/a><\/strong><\/p>\n<\/div>\n<\/div>\n<\/div>\n<\/div>\n\t\t\t\t<\/div>\n\t\t\t\t\t\t\t\t<div id=\"tab-4722\" class=\"sp-tab__tab-pane \" role=\"tabpanel\">\n\t\t\t\t\t<div class=\"sp-tab-content\"><div id=\"collapse-5471\" class=\"sp-tab__collapse sp-tab__show\" style=\"font-family: 'Helvetica';font-size: 12px\" role=\"tabpanel\" data-parent=\"#content\" aria-labelledby=\"heading-5471\">\n<div class=\"sp-tab__card-body\">\n<div class=\"sp-tab-content\" style=\"margin-right: 80px;margin-left: 80px\">\n<p style=\"text-align: left\"><strong>CoxPraVoc\u00ea<\/strong><\/p>\n<p style=\"text-align: left\">CoxPraVoc\u00ea \u00e9 uma grande plataforma de servi\u00e7os e produtos pensada e desenvolvida pela Cox Automotive Brasil para atuar nas necessidades mais importantes do mercado brasileiro.<\/p>\n<p style=\"text-align: left\">Ela foi lan\u00e7ada em um momento em que lojistas, consumidores e os demais envolvidos na ind\u00fastria automotiva enxergaram que o modelo de neg\u00f3cio sempre praticado neste Pa\u00eds precisava mudar; precisava EVOLUIR!<\/p>\n<p style=\"text-align: left\">E, assim, a Cox Automotive reuniu a for\u00e7a de suas marcas pr\u00f3prias e de seus parceiros de neg\u00f3cio e desenvolveu a plataforma <strong>CoxPraVoc\u00ea<\/strong> \u2013 uma cria\u00e7\u00e3o dedicada a mudar a forma como os revendedores brasileiros compram, vendem e negociam ve\u00edculos no seu dia a dia. A plataforma CPV \u00e9 para lojas e concession\u00e1rias que est\u00e3o preparadas para fortes transforma\u00e7\u00f5es e grandes resultados, porque quem adota o CPV passa a ter acesso a novas formas de gerar receita para sua loja e, claro, deixa seu cliente muito mais satisfeito com o atendimento.<\/p>\n<p style=\"text-align: left\"><strong>CoxPraVoc\u00ea significa:<\/strong><br \/>\n\u2022 Inova\u00e7\u00e3o para os neg\u00f3cios<br \/>\n\u2022 Digitaliza\u00e7\u00e3o dos processos<br \/>\n\u2022 Simplifica\u00e7\u00e3o de compra<br \/>\n\u2022 Amplia\u00e7\u00e3o de territ\u00f3rio<br \/>\n\u2022 Atendimento a dist\u00e2ncia<br \/>\n\u2022 Seguran\u00e7a para quem compra<br \/>\n\u2022 Transpar\u00eancia para quem vende<br \/>\n\u2022 Aumento de rentabilidade<\/p>\n<p style=\"text-align: left\">E mais! \u00c9 gratuita, \u00e9 simples e \u00e9 da Cox Automotive!<\/p>\n<p style=\"text-align: left\"><strong>Se voc\u00ea \u00e9 lojista, acesse <a href=\"https:\/\/www.coxpravoce.com.br\" target=\"_blank\" rel=\"noopener\">www.coxpravoce.com.br<\/a> e fa\u00e7a o seu cadastro em minutos.<\/strong><\/p>\n<\/div>\n<\/div>\n<\/div>\n<\/div>\n\t\t\t\t<\/div>\n\t\t\t\t\t\t\t\t<div id=\"tab-4723\" class=\"sp-tab__tab-pane \" role=\"tabpanel\">\n\t\t\t\t\t<div class=\"sp-tab-content\"><div id=\"collapse-5472\" class=\"sp-tab__collapse \" style=\"font-family: 'Helvetica';font-size: 12px\" role=\"tabpanel\" data-parent=\"#content\" aria-labelledby=\"heading-5472\">\n<div class=\"sp-tab__card-body\">\n<div class=\"sp-tab-content\">\n<div id=\"collapse-5473\" class=\"sp-tab__collapse \" role=\"tabpanel\" data-parent=\"#content\" aria-labelledby=\"heading-5473\">\n<div class=\"sp-tab__card-body\">\n<div class=\"sp-tab-content\" style=\"margin-right: 80px;margin-left: 80px\">\n<p style=\"text-align: left\">A <strong>Dealertrack <\/strong>\u00e9 a maior plataforma multibanco do mundo. E isso significa que n\u00f3s temos experi\u00eancia nos maiores mercados do mundo em gerar efici\u00eancia, agilidade e simplicidade para os processos de venda de financiamento de ve\u00edculos.<\/p>\n<p style=\"text-align: left\">O consumidor tem cada vez menos tempo para se dedicar a tantas atividades di\u00e1rias; E o lojista cada vez menos tem tempo para investir em preenchimento de in\u00fameras propostas e formul\u00e1rios para tantos bancos\u2026<\/p>\n<p style=\"text-align: left\">Comprar e vender ve\u00edculos deve ser uma experi\u00eancia prazerosa, r\u00e1pida e sem complica\u00e7\u00f5es para os dois lados: para quem compra e para quem vende. E com esta abordagem de simplicidade, agilidade e tecnologia nasce no Brasil a Dealertrack, que j\u00e1 possui mais de 1.700 financeiras integradas nos EUA e mais de 65 bancos integrados no Canad\u00e1.\u00a0Na Am\u00e9rica do Norte, a DT \u00e9 respons\u00e1vel por mais 90% do mercado de financiamento e \u00e9 tamb\u00e9m a maior provedora de solu\u00e7\u00f5es e produtos para bancos, financeiras e seguradoras \u2013 criando uma rela\u00e7\u00e3o de confian\u00e7a entre compradores e vendedores;<\/p>\n<p style=\"text-align: left\"><strong>Usando a Dealertrack, o lojista pode:<\/strong><br \/>\n\u2013 Cadastrar novos clientes em alguns cliques;<br \/>\n\u2013 Acompanhar em tempo real o status das propostas enviadas;<br \/>\n\u2013 Simular cr\u00e9ditos com poucos campos;<br \/>\n\u2013 Pagar e formalizar os contratos com muita rapidez;<br \/>\n\u2013 Receber propostas preenchidas diretamente do cliente;<br \/>\n\u2013 Negociar e vender o financiamento via whatsapp e email;<\/p>\n<p style=\"text-align: left\">A Cox Automotive Brasil tem a honra de afirmar que a DT estreou no Brasil para colaborar com bancos, financeiras, seguradoras e montadoras a avan\u00e7ar em seus processos digitais sem que elas precisem se tornar especialistas em tecnologia. O time Cox Brasil sabe como a alta tecnologia pode ser uma grande aliada na evolu\u00e7\u00e3o do mercado financeiro brasileiro, mas tamb\u00e9m precisa ser conduzida por pessoas que dominem conhecimento de mercado, solu\u00e7\u00f5es t\u00e9cnicas, viv\u00eancia de neg\u00f3cio e interesse em fazer grandes investimentos no Pa\u00eds.<\/p>\n<p style=\"text-align: left\">A DT \u00e9 100% digital e 100% gratuita para o lojista!<\/p>\n<p style=\"text-align: left\"><strong>Conhe\u00e7a a Dealertrack <a href=\"https:\/\/cms.dealertrack.com.br\/\" rel=\"noopener\">www.dealertrack.com.br<\/a><\/strong><\/p>\n<\/div>\n<\/div>\n<\/div>\n<\/div>\n<\/div>\n<\/div>\n<\/div>\n\t\t\t\t<\/div>\n\t\t\t\t\t\t\t<\/div>\n\n\t\t<\/div>\n\n\t\t<style type=\"text\/css\">#sp-wp-tabs-wrapper_472 .sp-tab__nav {justify-content: start;}#sp-wp-tabs-wrapper_472.sp-tab__lay-default.sp-tab__horizontal-bottom {\n\tdisplay: flex;\n\tflex-direction: column-reverse;\n}\n#sp-wp-tabs-wrapper_472.sp-tab__lay-default.sp-tab__horizontal-bottom ul {\n\tborder-top: 50px solid #ffffff;\n\tborder-bottom: 0;\n\tmargin-top: 0;\n}\n#sp-wp-tabs-wrapper_472.sp-tab__lay-default.sp-tab__horizontal-bottom ul li label.sp-tab__active {\n\tborder-color: transparent #ffffff#ffffff;\n\tmargin-top: -50px;\n}\n#sp-wp-tabs-wrapper_472.sp-tab__lay-default.sp-tab__horizontal-bottom ul li label,\n#sp-wp-tabs-wrapper_472.sp-tab__lay-default.sp-tab__horizontal-bottom ul li a,\n#sp-wp-tabs-wrapper_472.sp-tab__lay-default.sp-tab__horizontal-bottom ul .sp-tab__nav-item {\n\tborder-top: 0;\n\tborder-top-left-radius: 0;\n\tborder-top-right-radius: 0;\n\tborder-bottom-left-radius: 2px;\n\tborder-bottom-right-radius: 2px;\n}\n#sp-wp-tabs-wrapper_472.sp-tab__lay-default.sp-tab__horizontal-bottom ul {\n\t\tborder-bottom: none;\n}\n#sp-wp-tabs-wrapper_472.sp-tab__lay-default.sp-tab__horizontal-bottom .sp-tab__tab-content .sp-tab__tab-pane {\n\tborder-top: 1px solid #eeeeee;\n\tborder-bottom: 0;\n}\n#sp-wp-tabs-wrapper_472.sp-tab__lay-default .sp-tab__tab-content .sp-tab-content ul,\n#sp-wp-tabs-wrapper_472.sp-tab__lay-default .sp-tab__tab-content .sp-tab-content ol {\n\tborder-bottom: none;\n}#sp-wp-tabs-wrapper_472 .sp-tab__nav-tabs .sp-tab__nav-link.sp-tab__active .sp-tab__tab_title,\n#sp-wp-tabs-wrapper_472.sp-tab__lay-default label .sp-tab__card-header {\n\t\tcolor: #444;\n\t}\n\t#sp-wp-tabs-wrapper_472 .sp-tab__nav-tabs .sp-tab__nav-item.show .sp-tab__nav-link,\n\t#sp-wp-tabs-wrapper_472 .sp-tab__nav-tabs .sp-tab__nav-item .sp-tab__nav-link.sp-tab__active,\n\t#sp-wp-tabs-wrapper_472.sp-tab__lay-default label .sp-tab__card-header {\n\t\tbackground-color: #ffffff;\n\t}\n\n\t#sp-wp-tabs-wrapper_472 .sp-tab__nav-tabs .sp-tab__nav-item.show .sp-tab__nav-link,\n\t#sp-wp-tabs-wrapper_472.sp-tab__lay-default ul li label.sp-tab__active {\n\t\tborder-color: #ffffff#ffffff transparent;\n\t}\n\n\t#sp-wp-tabs-wrapper_472.sp-tab__lay-default ul li label,\n\t#sp-wp-tabs-wrapper_472.sp-tab__lay-default ul li a {\n\t\tcursor: pointer;\n\t\tborder-color: #ffffff;\n\t\tpadding-top: 15px;\n\t\tpadding-right: 40px;\n\t\tpadding-bottom: 15px;\n\t\tpadding-left: 35px;\n\t}\n\n\t#sp-wp-tabs-wrapper_472 .sp-tab__nav-tabs .sp-tab__nav-link {\n\t\tborder: 50px solid #ffffff;\n\t\theight: 100%;\n\t}\n\n\t#sp-wp-tabs-wrapper_472.sp-tab__lay-default ul li label,\n\t#sp-wp-tabs-wrapper_472.sp-tab__lay-default ul li a,\n\t#sp-wp-tabs-wrapper_472.sp-tab__lay-default ul .sp-tab__nav-item {\n\t\tborder-top-left-radius: 2px;\n\t\tborder-top-right-radius: 2px;\n\t}#sp-wp-tabs-wrapper_472 .sp-tab__nav-tabs .sp-tab__nav-item {\n    margin-bottom: -50px; }#sp-wp-tabs-wrapper_472.sp-tab__lay-default ul .sp-tab__nav-item,\n#sp-wp-tabs-wrapper_472.sp-tab__lay-default label.collapsed .sp-tab__card-header {\n\tbackground-color: #ffffff;\n}\n#sp-wp-tabs-wrapper_472.sp-tab__lay-default ul .sp-tab__nav-item {\n\tmargin-right: 10px;\n}\n#sp-wp-tabs-wrapper_472.sp-tab__lay-default ul .sp-tab__nav-item:last-child {\n  margin-right: 0;\n}\n\n#sp-wp-tabs-wrapper_472.sp-tab__lay-default ul .sp-tab__nav-item label:hover .sp-tab__tab_title,\n#sp-wp-tabs-wrapper_472.sp-tab__lay-default ul .sp-tab__nav-item a:hover .sp-tab__tab_title,\n#sp-wp-tabs-wrapper_472.sp-tab__lay-default label.collapsed .sp-tab__card-header:hover {\n\tcolor: #444;\n\ttransition: .3s;\n}\n\n#sp-wp-tabs-wrapper_472.sp-tab__lay-default ul .sp-tab__nav-item:hover,\n#sp-wp-tabs-wrapper_472.sp-tab__lay-default label.collapsed .sp-tab__card-header:hover {\n\tbackground-color: #fff;\n}#sp-wp-tabs-wrapper_472.sp-tab__lay-default .sp-tab__tab-content .sp-tab__tab-pane {\n    border: 1px solid #eeeeee;\n    padding-top: 20px;\n    padding-right: 30px;\n    padding-bottom: 20px;\n    padding-left: 20px;\n\t\tborder-top: 0px;\n\t\tbackground-color: #ffffff;\n\t}#sp-wp-tabs-wrapper_472.sp-tab__lay-default ul {\n\tborder-bottom: 1px solid #eeeeee;\n}@media(max-width:375px) {\n\t\t#sp-wp-tabs-wrapper_472.sp-tab__lay-default li.sp-tab__nav-item {\n\t\t\twidth: 100%;\n\t\t\tmargin-right: 0px;\n\t\t}\n\t\t#sp-wp-tabs-wrapper_472.sp-tab__lay-default li.sp-tab__nav-item:last-child {\n\t\t\tmargin-bottom: 1px;\n\t\t}}#sp-wp-tabs-wrapper_472.sp-tab__lay-default ul .sp-tab__nav-item .sp-tab__tab_title,\n#sp-wp-tabs-wrapper_472.sp-tab__lay-default label.collapsed .sp-tab__card-header {\n\tfont-weight: 600;\n\tfont-style: normal;\n\tfont-size: 16px;\n\tline-height: 22px;\n\tletter-spacing: 0px;\n\tcolor: #444;\n}#sp-wp-tabs-wrapper_472.sp-tab__lay-default .sp-tab__tab-content .sp-tab__tab-pane {\n\tfont-weight: 400;\n\tfont-style: normal;\n\tfont-size: 16px;\n\tline-height: 24px;\n\tletter-spacing: 0px;\n\tcolor: #444;\n}#sp-wp-tabs-wrapper_472.sp-tab__lay-default .sp-tab__tab-content .sp-tab__tab-pane ul li a, #sp-wp-tabs-wrapper_472.sp-tab__lay-default .sp-tab__tab-content .sp-tab__tab-pane ol li a {\n\tcolor: #444;\n}<\/style>\n","protected":false},"excerpt":{"rendered":"","protected":false},"author":9,"featured_media":604,"parent":0,"menu_order":0,"comment_status":"closed","ping_status":"closed","template":"","meta":{"om_disable_all_campaigns":false,"_mi_skip_tracking":false},"aioseo_notices":[],"_links":{"self":[{"href":"https:\/\/www.coxautomotive.com.br\/index.php?rest_route=\/wp\/v2\/pages\/10"}],"collection":[{"href":"https:\/\/www.coxautomotive.com.br\/index.php?rest_route=\/wp\/v2\/pages"}],"about":[{"href":"https:\/\/www.coxautomotive.com.br\/index.php?rest_route=\/wp\/v2\/types\/page"}],"author":[{"embeddable":true,"href":"https:\/\/www.coxautomotive.com.br\/index.php?rest_route=\/wp\/v2\/users\/9"}],"replies":[{"embeddable":true,"href":"https:\/\/www.coxautomotive.com.br\/index.php?rest_route=%2Fwp%2Fv2%2Fcomments&post=10"}],"version-history":[{"count":16,"href":"https:\/\/www.coxautomotive.com.br\/index.php?rest_route=\/wp\/v2\/pages\/10\/revisions"}],"predecessor-version":[{"id":473,"href":"https:\/\/www.coxautomotive.com.br\/index.php?rest_route=\/wp\/v2\/pages\/10\/revisions\/473"}],"wp:featuredmedia":[{"embeddable":true,"href":"https:\/\/www.coxautomotive.com.br\/index.php?rest_route=\/wp\/v2\/media\/604"}],"wp:attachment":[{"href":"https:\/\/www.coxautomotive.com.br\/index.php?rest_route=%2Fwp%2Fv2%2Fmedia&parent=10"}],"curies":[{"name":"wp","href":"https:\/\/api.w.org\/{rel}","templated":true}]}}